r of 11 and z?
11
Let b be 483 - -1*(63/(-84) + (-14)/(-8)). What is the greatest common divisor of 8 and b?
4
Suppose 52*j + 9*j = 18910. Calculate the greatest common factor of j and 2.
2
Suppose 2*g = -x + 202, 790 = -0*x + 4*x - g. Let h be x/25 + (-64)/(-800). Calculate the greatest common factor of 76 and h.
4
Suppose q = 1369 - 325. What is the highest common factor of q and 36?
36
Let l = -26 - -31. Suppose -167 - 263 = -l*p. Let y = p - 72. Calculate the greatest common divisor of 2 and y.
2
Let l be (-7)/(-35) + (-714)/(-5). Suppose 113 = 5*g + 143. Let d be ((-242)/(-66))/((-2)/g). Calculate the greatest common divisor of l and d.
11
Let w(a) = -a - 1. Let x be w(-3). Suppose 47 = x*r + 123. Let u = 65 + r. What is the greatest common factor of u and 108?
27
Let v(s) = 260*s - 4482. Let a be v(44). Calculate the greatest common factor of a and 284.
142
Let a(d) = d**3 + 13*d**2 + 31*d + 10. Let j be a(-10). Suppose -8*m + 753 + 207 = j. What is the greatest common factor of 105 and m?
15
Let d be -10*(-6)/180*(-1 + 9274). Calculate the greatest common factor of d and 562.
281
Suppose k - 46 = -4*p - 6, 6*p + 226 = 5*k. Calculate the greatest common factor of k and 231.
11
Let p(a) = -5*a + 28. Let l be p(-12). Suppose 88*r = 93*r - 55. What is the highest common factor of r and l?
11
Let f = -7648 + 9698. What is the greatest common divisor of f and 75?
25
Let c(q) = -307*q + 6479. Let d be c(21). Let u(t) = -8*t**3 - 4*t**2 - 5*t - 4. Let z be u(-4). What is the highest common divisor of z and d?
16
Suppose 3*t = 80 - 198 + 2233. What is the greatest common factor of t and 987?
141
Let n = 44 - 47. Let a be (2 - -46)*(-5)/20*-6. Let b = a - n. Calculate the highest common factor of b and 5.
5
Suppose -3*v = 2*p - 30 - 22, -v = 5*p. Calculate the greatest common divisor of v and 18670.
10
Let y = -659 + 659. Suppose -22*n + 2*n + 9520 = y. What is the greatest common divisor of 7 and n?
7
Let k = 8 - 4. Suppose -20 = -2*j - 5*q - k, q = -4. Suppose 20 = -5*m, u - 5*m - 28 = -m. What is the greatest common factor of j and u?
6
Suppose 2*v - 153 = -5*d, -4*d + 7*v + 168 = -6. Calculate the highest common factor of 165 and d.
33
Let m = 67 - 75. Let c be 8/(-2) + (-4)/m*464. Calculate the greatest common factor of c and 24.
12
Let g(m) = -m - 28. Let h be g(-32). Let z be h - (-20)/(-4) - -29. Calculate the highest common divisor of z and 140.
28
Let d be (-45 + -3)*(-91)/39. What is the highest common factor of 126 and d?
14
Let u(k) = -22*k + 0 + k**2 - 10 + 17*k. Let b be u(7). Suppose -b*i = -0*i - 4. What is the highest common divisor of i and 9?
1
Suppose 4*m - 130 = -m. Let r(h) be the third derivative of 3*h**4/8 - 7*h**3/6 + 6*h**2. Let y be r(1). What is the greatest common factor of y and m?
2
Let y be 0/2 - ((-16)/(-4) + -8). Calculate the greatest common factor of 628 and y.
4
Let s = 428 - 388. Suppose -100 = 6*z - 16*z. What is the highest common factor of z and s?
10
Let z = 3526 - 3185. Calculate the highest common divisor of z and 62.
31
Let r = 55 + -51. Suppose -r*f + d + 44 = 0, f + f = -3*d + 8. Let j be -3 - (-8 - 0/(-3)). What is the highest common factor of j and f?
5
Let u(d) = 4*d**2 - 231*d + 236. Let g be u(70). Calculate the greatest common divisor of 312 and g.
78
Let a(j) = -2*j**3 - 17*j**2 - 5*j - 6. Let l be a(-8). Let u be 24/l*(-8075)/10. Calculate the greatest common divisor of u and 34.
34
Let f(j) = -j**2 + 71*j + 27. Let r be f(3). Let v = -33 - -66. Calculate the greatest common divisor of v and r.
33
Let q be (210/4)/(2/(-4)). Suppose 0 = 2*n + 3*z + 183, 3*n + 5*z + 373 = -n. Let d be 30/q + n/(-14). Calculate the highest common divisor of 49 and d.
7
Let j(f) be the second derivative of -f**5/10 - 49*f**4/12 + 8*f**3/3 + 15*f**2/2 + 217*f. Let u be j(-25). Calculate the highest common factor of u and 300.
60
Let q be (2 - 6)/(3/2)*-252. Let p be 2397/376 + 3/(-8). What is the greatest common divisor of p and q?
6
Let b = -728 - -439. Let y = 408 + b. What is the greatest common divisor of 85 and y?
17
Suppose -79*x + 4299 = -76*x + 3*a, -4355 = -3*x + 4*a. Calculate the greatest common factor of 66 and x.
11
Let i(y) = y**3 + 15*y**2 + 31*y + 27. Let j be (68/(-20) + 1)/(5/25). Let z be i(j). What is the greatest common divisor of 29 and z?
29
Let g = -42 - -318. Suppose -118 - g = -2*u - f, -5*f - 970 = -5*u. Calculate the greatest common divisor of 28 and u.
28
Let y(t) = -10*t + t**2 - 26*t + 79*t + 36 - 30*t. Let n be y(-10). Calculate the greatest common factor of 69 and n.
3
Let n be (-6 - -3) + -214 + -1. Let r = -157 - n. Calculate the highest common factor of 61 and r.
61
Let t = -8 + 21. Suppose -22 = 2*c + 2*p - 32, 0 = c - 5*p - 23. Suppose -c*b - 3*u + 202 = -4*b, -5*b + 258 = u. What is the highest common factor of t and b?
13
Let w = -3428 - -3881. Calculate the highest common divisor of w and 9.
3
Let i(x) be the third derivative of -x**5/60 + x**3 + 11*x**2. Let h = 57 - 57. Let z be i(h). What is the greatest common divisor of 114 and z?
6
Suppose -26*j - 502 - 13876 = 0. Let k = j + 569. What is the greatest common factor of k and 6?
2
Let h(t) = -t**3 - 7*t**2 + 25*t - 39. Let m be h(-13). Calculate the highest common divisor of 390 and m.
130
Suppose -96*j + 151*j = 76 + 34. What is the highest common divisor of j and 113?
1
Let c = 21233 + -21063. Calculate the highest common divisor of c and 26435.
85
Suppose 16*v - 8*v - 64 = 0. Suppose 0 = -3*x + v - 134. Let a be (-2)/((-15)/28 + (-12)/x). What is the highest common factor of a and 4?
4
Let b(v) = -63*v - 1091. Let l be b(-33). What is the highest common divisor of l and 304?
76
Suppose -5*o - p - 2*p + 15 = 0, 2*p - 10 = 4*o. Suppose -13*l + o + 2704 = 0. Calculate the highest common divisor of l and 91.
13
Suppose 3*k + 3*b = 3405, 2*b + 8796 - 3086 = 5*k. Calculate the greatest common divisor of k and 6.
6
Let m = -33 + 55. Suppose 55638 = 7457*i - 7176*i. What is the highest common factor of i and m?
22
Suppose -6*s + 40 = 4*s. Let f be (-66)/17 - s/34. Let z be f*((-27)/12 + -3). What is the highest common divisor of z and 3?
3
Suppose -3*t + 6 = 3*t. Let m be t*(-4)/8*(-14 + -2). What is the greatest common factor of m and 56?
8
Let j(c) = c**2 - 9*c - 68. Let k be j(16). Suppose 0*d = -2*d + 370. Let p = -75 + d. What is the highest common divisor of p and k?
22
Let d be 0 - 1 - -5 - -3. Suppose 4*j - 39 = -2*x + d, -2*j + 28 = -4*x. Let m be (115/15 + -4 - 3)*54. Calculate the highest common divisor of m and j.
12
Let i(s) be the second derivative of 7*s**3/6 - 23*s**2/2 + 11*s. Let d be i(9). Let a be 9*8/(-12) - -66. What is the greatest common divisor of a and d?
20
Let q be (-9 - -11)/((-3)/15). Let s be 5/q*-3*2. Suppose 5*y = 3*t - 7, -s*y - 10 = -3*t + 5. Calculate the highest common factor of 45 and t.
9
Let r(x) = -2*x**3 + 15*x**2 + 61*x - 29. Let h be r(-13). Calculate the highest common factor of 31 and h.
31
Suppose 6 = 8*a + a + 105. Let l(d) = 3 + 2*d + 24 + 35. Let w be l(a). Calculate the greatest common divisor of 100 and w.
20
Let v = 274 + -168. Calculate the highest common divisor of v and 2968.
106
Let q be (-6)/14 + 778023/2877. Calculate the greatest common divisor of q and 3429.
27
Let o(h) = h**3 - 4*h**2 - h - 112. Let z be o(7). Calculate the highest common divisor of 266 and z.
14
Let g be -3 + -83 + 2 + 0 + 0. Let v = g - -97. Calculate the highest common factor of 65 and v.
13
Let f = 148 + -104. Suppose -6*y = -7 + 235. Let j = y + f. Calculate the greatest common factor of j and 42.
6
Suppose 0 = -6*s + 38 - 80. Let p(q) = -q**2 - 12*q - 14. Let w be p(s). Let r be w + -2 + -1 + 5. What is the highest common divisor of r and 69?
23
Suppose 15*a + 2 = 14*a. Let u be (a - 189/(-7)) + -1. What is the greatest common divisor of 600 and u?
24
Suppose p - 3*h = -19 - 27, 2*h = 5*p + 230. Let v = 63 + p. Suppose v - 11 = 3*g. Calculate the greatest common divisor of 30 and g.
2
Suppose -5*z + 7*z - 162 = -3*g, 4*g - 4*z - 216 = 0. What is the greatest common factor of g and 2889?
27
Let o be (2460/(-160))/(-41) - (-3837)/8. What is the highest common factor of o and 5376?
96
Suppose -88 + 460 = -g - h, -4*g + h - 1463 = 0. Let q = -347 - g. What is the highest common divisor of